
{"id":47,"date":"2012-08-31T14:40:22","date_gmt":"2012-08-31T13:40:22","guid":{"rendered":"http:\/\/industrie-culturelle.com\/industrie-culturelle\/?page_id=47"},"modified":"2019-04-08T09:01:15","modified_gmt":"2019-04-08T07:01:15","slug":"charte-de-publication","status":"publish","type":"page","link":"https:\/\/industrie-culturelle.fr\/industrie-culturelle\/charte-de-publication\/","title":{"rendered":"Charte de publication"},"content":{"rendered":"<div class=\"pdfprnt-buttons pdfprnt-buttons-page pdfprnt-top-right\"><a href=\"https:\/\/industrie-culturelle.fr\/industrie-culturelle\/wp-json\/wp\/v2\/pages\/47?print=pdf\" class=\"pdfprnt-button pdfprnt-button-pdf\" target=\"_blank\" ><img decoding=\"async\" src=\"https:\/\/industrie-culturelle.fr\/industrie-culturelle\/wp-content\/plugins\/pdf-print\/images\/pdf.png\" alt=\"image_pdf\" title=\"Afficher le PDF\" \/><\/a><a href=\"https:\/\/industrie-culturelle.fr\/industrie-culturelle\/wp-json\/wp\/v2\/pages\/47?print=print\" class=\"pdfprnt-button pdfprnt-button-print\" target=\"_blank\" ><img decoding=\"async\" src=\"https:\/\/industrie-culturelle.fr\/industrie-culturelle\/wp-content\/plugins\/pdf-print\/images\/print.png\" alt=\"image_print\" title=\"Contenu imprim\u00e9\" \/><\/a><\/div><ul>\n<li style=\"text-align: justify;\">La publication d&rsquo;un article sur ce site d\u00e9pend d&rsquo;une d\u00e9cision de son comit\u00e9 de lecture. <\/li>\n<li style=\"text-align: justify;\">Bonne pratique \u00e9ditoriale :\u00a0les\u00a0contributeurs d\u00e9j\u00e0 publi\u00e9s r\u00e9servent en brouillon (back office) leur nouvel article avant d&rsquo;\u00eatre publi\u00e9s (front office) par les \u00e9diteurs\u00a0qui l&rsquo;auront\u00a0soumis au comit\u00e9 de lecture, seul garant de la ligne \u00e9ditoriale du site. C&rsquo;est le webmaster qui fera remonter l&rsquo;information.<\/li>\n<li style=\"text-align: justify;\">Correction des articles : dans tous les cas, avant publication, chaque article est pass\u00e9 au crible d&rsquo;une derni\u00e8re correction.<\/li>\n<li style=\"text-align: justify;\">Bonne pratique juridique : les images et photos doivent \u00eatre libres de droit ou faisant l&rsquo;objet d&rsquo;une <em>licence<\/em> <em>Creative Commons<\/em> (l&rsquo;artiste ayant d\u00e9fini l&rsquo;usage que l&rsquo;internaute peut faire de ses fichiers sur le Web : pour <em>Google images<\/em> nom de l&rsquo;image recherch\u00e9e\/outil\/recherche avanc\u00e9e\/droit d&rsquo;usage\/libre de droit d&rsquo;usage et de distribution &#8211; voir aussi <em>flickr de<\/em> <em>Yahoo!<\/em>) ; pour les vid\u00e9os inscrites dans les articles, \u00eatre constitu\u00e9es par un lien vers un site d&rsquo;h\u00e9bergement via l&rsquo;ic\u00f4ne<em> YouTube <\/em>lors de l&rsquo;\u00e9criture de l&rsquo;article<em>.<\/em><\/li>\n<li style=\"text-align: justify;\">Sur le menu principal, l&rsquo;ic\u00f4ne mail permet, entre autres, de nous signaler<em> tout contenu illicite<\/em>, et aux ayants droit de demander au webmaster de retirer ce contenu.<\/li>\n<\/ul>\n<p style=\"text-align: center;\"><a href=\"\/industrie-culturelle\/wp-content\/uploads\/2012\/08\/avatarwebmastertexte1.gif\"><img loading=\"lazy\" decoding=\"async\" width=\"140\" height=\"110\" class=\"aligncenter wp-image-372\" title=\"avatarwebmastertexte\" src=\"\/industrie-culturelle\/wp-content\/uploads\/2012\/08\/avatarwebmastertexte1.gif\" alt=\"\" \/><\/a><\/p>\n","protected":false},"excerpt":{"rendered":"<p>La publication d&rsquo;un article sur ce site d\u00e9pend d&rsquo;une d\u00e9cision de son comit\u00e9 de lecture. Bonne pratique \u00e9ditoriale :\u00a0les\u00a0contributeurs d\u00e9j\u00e0<\/p>\n","protected":false},"author":90,"featured_media":0,"parent":0,"menu_order":0,"comment_status":"closed","ping_status":"closed","template":"","meta":{"colormag_page_container_layout":"default_layout","colormag_page_sidebar_layout":"default_layout","footnotes":""},"coauthors":[795],"class_list":["post-47","page","type-page","status-publish","hentry"],"aioseo_notices":[],"_links":{"self":[{"href":"https:\/\/industrie-culturelle.fr\/industrie-culturelle\/wp-json\/wp\/v2\/pages\/47","targetHints":{"allow":["GET"]}}],"collection":[{"href":"https:\/\/industrie-culturelle.fr\/industrie-culturelle\/wp-json\/wp\/v2\/pages"}],"about":[{"href":"https:\/\/industrie-culturelle.fr\/industrie-culturelle\/wp-json\/wp\/v2\/types\/page"}],"author":[{"embeddable":true,"href":"https:\/\/industrie-culturelle.fr\/industrie-culturelle\/wp-json\/wp\/v2\/users\/90"}],"replies":[{"embeddable":true,"href":"https:\/\/industrie-culturelle.fr\/industrie-culturelle\/wp-json\/wp\/v2\/comments?post=47"}],"version-history":[{"count":0,"href":"https:\/\/industrie-culturelle.fr\/industrie-culturelle\/wp-json\/wp\/v2\/pages\/47\/revisions"}],"wp:attachment":[{"href":"https:\/\/industrie-culturelle.fr\/industrie-culturelle\/wp-json\/wp\/v2\/media?parent=47"}],"wp:term":[{"taxonomy":"author","embeddable":true,"href":"https:\/\/industrie-culturelle.fr\/industrie-culturelle\/wp-json\/wp\/v2\/coauthors?post=47"}],"curies":[{"name":"wp","href":"https:\/\/api.w.org\/{rel}","templated":true}]}}